{"id":14,"date":"2019-06-13T13:06:49","date_gmt":"2019-06-13T13:06:49","guid":{"rendered":"http:\/\/wp.two-werbung.de\/?page_id=14"},"modified":"2019-06-13T13:09:21","modified_gmt":"2019-06-13T13:09:21","slug":"loesungen-fuer-den-mittelstand","status":"publish","type":"page","link":"https:\/\/www.two-werbung.de\/?page_id=14","title":{"rendered":"L\u00f6sungen f\u00fcr den Mittelstand"},"content":{"rendered":"\n<p>Der Mittelstand, als wichtiges Standbein der deutschen Wirtschaft, braucht L\u00f6sungen, die auf ihn zugeschnitten sind. Das k\u00f6nnen nur kreative und flexible Unternehmen der Werbebranche leisten. <\/p>\n\n\n\n<p>Integriertes Denken, Querverbindungen herzustellen bei allen Marketingsma\u00dfnahmen fordert ein hohes Ma\u00df an Engagement. Das bringen wir bei unseren Kunden ein. Dabei steht die Kreativit\u00e4t sowohl im gestalterischen Sinn, wie auch in der Zusammenarbeit im Vordergrund. <\/p>\n\n\n\n<p>Wir sind offen f\u00fcr neue Aufgaben \u2013 und bereit f\u00fcr \u00fcberraschende L\u00f6sungen. <\/p>\n","protected":false},"excerpt":{"rendered":"<p>Der Mittelstand, als wichtiges Standbein der deutschen Wirtschaft, braucht L\u00f6sungen, die auf ihn zugeschnitten sind. Das k\u00f6nnen nur kreative und &hellip; <a class=\"more-link\" href=\"https:\/\/www.two-werbung.de\/?page_id=14\">Mehr<\/a><\/p>\n","protected":false},"author":1,"featured_media":0,"parent":0,"menu_order":0,"comment_status":"closed","ping_status":"closed","template":"","meta":[],"_links":{"self":[{"href":"https:\/\/www.two-werbung.de\/index.php?rest_route=\/wp\/v2\/pages\/14"}],"collection":[{"href":"https:\/\/www.two-werbung.de\/index.php?rest_route=\/wp\/v2\/pages"}],"about":[{"href":"https:\/\/www.two-werbung.de\/index.php?rest_route=\/wp\/v2\/types\/page"}],"author":[{"embeddable":true,"href":"https:\/\/www.two-werbung.de\/index.php?rest_route=\/wp\/v2\/users\/1"}],"replies":[{"embeddable":true,"href":"https:\/\/www.two-werbung.de\/index.php?rest_route=%2Fwp%2Fv2%2Fcomments&post=14"}],"version-history":[{"count":3,"href":"https:\/\/www.two-werbung.de\/index.php?rest_route=\/wp\/v2\/pages\/14\/revisions"}],"predecessor-version":[{"id":19,"href":"https:\/\/www.two-werbung.de\/index.php?rest_route=\/wp\/v2\/pages\/14\/revisions\/19"}],"wp:attachment":[{"href":"https:\/\/www.two-werbung.de\/index.php?rest_route=%2Fwp%2Fv2%2Fmedia&parent=14"}],"curies":[{"name":"wp","href":"https:\/\/api.w.org\/{rel}","templated":true}]}}